Let t(y) = -2*y**3 - 4*y**2 - 2*y. Let d be t(-4). Suppose 0 = 5*z + 2*s - 1998, -3*z - 4*s - 91 = -1315. What is the greatest common divisor of z and d?
36
Let d = -1143 + 3521. What is the greatest common divisor of d and 232?
58
Let v be 15/(-5) + 975 + -3. Let o = -2615 - -2672. What is the highest common factor of v and o?
57
Let l = -752 - -2891. Calculate the highest common divisor of l and 62.
31
Let m = 3289 + -3285. Suppose 0 = -s + 3*s. Suppose 3*l - 56 = 2*t, 32 = -s*l + 2*l - 4*t. Calculate the highest common factor of l and m.
4
Let l(a) = a**2 + a + 2. Let g be l(-3). Suppose 32905 + 5143 = 164*o. What is the greatest common factor of g and o?
8
Let u = -390 + 344. Let z be (-2)/2*(u - 1 - -6). What is the greatest common divisor of 2 and z?
1
Let p(i) = -29*i + 1. Let m be p(-1). Let g = m - 18. Let t = -73982 + 74078. What is the highest common factor of g and t?
12
Suppose -4*t = t + r + 1744, 0 = t - 3*r + 336. Let v = -308 - t. What is the highest common divisor of v and 56?
8
Suppose -2*g + g + 9 = 0. Let f(n) = -n**2 + 7*n + 48. Let j be f(0). Suppose 0 = -j*i + 41*i + 504. What is the highest common divisor of i and g?
9
Let z(x) = 3*x + 38. Let i(w) = 13*w + 152. Let d(b) = 2*i(b) - 9*z(b). Let y be d(-42). Let c = -15 + 25. What is the highest common divisor of y and c?
2
Let b = -322 + 334. Suppose 89 - 161 = -2*u. Calculate the highest common factor of u and b.
12
Let j be -64*(-33)/44 - 14. Calculate the greatest common factor of 68 and j.
34
Let r(d) = d**2 + 3*d - 40. Let b be r(-8). Suppose b = 3*t + 172 - 229. What is the greatest common divisor of t and 38?
19
Suppose 0 = -u + 4, 0 = 4*r - r - 3*u + 24. Let i be -1*(-242 - (r + 7)). Let t be i/14*4/10. What is the greatest common divisor of 21 and t?
7
Suppose -63*c + 79*c = 576. What is the highest common factor of c and 270?
18
Let m be 1*(-211)/(-4) + (-36)/48. Suppose -4*r + m = 4*k - 2*k, 0 = r + 4*k - 27. Calculate the highest common factor of 22 and r.
11
Suppose 5*z = -5*a + 305, -7*z - 4*a = -2*z - 300. Suppose 2*p + 13*d = 19*d + 8, -3*p - 5*d + 26 = 0. Calculate the greatest common factor of p and z.
7
Let p = -828 - -836. Let w(d) = -23*d - 1. Let y be w(-4). Suppose 0 = -p*j - 5*j + y. Calculate the greatest common factor of j and 49.
7
Let n = 7057 + -7053. Calculate the greatest common factor of n and 1126.
2
Let j(m) be the first derivative of -m**3/3 - 4*m**2 + 5*m + 4. Let w be j(-10). Let z be (25/w + 2)*3. Calculate the highest common divisor of 9 and z.
1
Let n(s) = 14*s**3 + s**2 - 2*s + 1. Suppose 3*y + 3*l = 0, 0 = 3*y - 3*l - 15 + 9. Let h be n(y). What is the highest common factor of h and 49?
7
Let x(v) = v**2 - v - 339. Let n be x(19). What is the greatest common factor of 361 and n?
1
Suppose -62*p - 82*p - 112*p + 49920 = 0. Suppose -3*g = -2*u + 7, 0 = 4*u - 3*g - 7 - 10. Calculate the highest common divisor of u and p.
5
Let t(s) = -s**2 + 25*s + 1502. Let k be t(-28). Calculate the greatest common factor of 2781 and k.
9
Let b be 24/4 - (-1 + 0). Suppose 4*n - 136 = 12*n. Let u = b - n. Calculate the greatest common divisor of u and 192.
24
Let x(p) = 18 + 20*p**2 + p**2 + 68*p**2 + 19*p + p + 45*p**2. Let o be x(-1). Calculate the highest common divisor of 176 and o.
44
Let t(n) = n**3 - 21*n**2 + 25*n - 38. Let a be 40/((-12)/42*-7). Let o be t(a). What is the greatest common factor of o and 155?
31
Suppose 8 = 17*t - 60. Suppose -3*u - 5*v + 492 = 0, -2*u + 2*v = t*v - 332. Calculate the highest common factor of u and 39.
13
Suppose 557 = 3*q + 5*t, 5*q - 921 = -18*t + 17*t. What is the highest common divisor of 138 and q?
46
Let f(b) = -b**3 + 11*b**2 - 7*b - 3. Let q be f(10). Suppose -5*o = -25, 0 = -511*x + 506*x - 4*o + 125. What is the highest common divisor of q and x?
3
Suppose a + 2631 = 5*g - 316, -4*g = -5*a - 2366. What is the greatest common factor of g and 323?
19
Let u = 200 + -128. Suppose -3*d = -u + 6. Calculate the highest common factor of 2 and d.
2
Let b be (-14022)/(-30) + 6/(-15). Suppose 62*d - 649 = b. Calculate the greatest common divisor of 396 and d.
18
Let u(f) = -f**2 + 4*f - 3. Let l be u(3). Let m = 8243 - 8243. Suppose 5*w - v + l*v - 50 = m, w = v + 14. What is the greatest common factor of w and 27?
9
Suppose 0 = -517*m + 529*m + 734 - 3974. Calculate the highest common factor of m and 20.
10
Let s be (-322)/(-7)*(-5)/(-10). Suppose -5*a = 3*z + 60, 2*z - a = 3*a - 40. Let p be (-1 + -1)/(z/2530). What is the greatest common factor of p and s?
23
Let s(x) = -x**3 - 9*x**2 - x + 8. Let l be s(-9). Let t = 19 + l. Suppose -t = -16*u + 13*u. What is the greatest common divisor of u and 48?
12
Suppose 3*b + 196 = 2*w + 2*b, -93 = -w + 3*b. Let h = -81 + w. Let m(r) = r**2 - 17*r - 3. Let t be m(h). Calculate the highest common factor of t and 3.
3
Let x = 12484 - 9662. Calculate the highest common divisor of 1162 and x.
166
Let j(c) = -32*c - 32. Let k be j(-11). Suppose k - 12 = 4*y. Let n = 154 - y. What is the highest common divisor of n and 11?
11
Suppose 0 = -4*t + 3*t. Suppose 0 = 2*s + 5*p - 135, t = -2*p - 7 + 1. Suppose 15*x = -47 + 272. Calculate the greatest common divisor of x and s.
15
Let l be ((-10)/5)/((-2)/6). Suppose 0 = l*a - 12*a - 72. Let d be a/((4 + -6)*2/10). Calculate the highest common divisor of 10 and d.
10
Let c(h) = 3*h - 14. Let p be c(5). Let b be 56/24 - -2*p/(-6). Let d be b*(7 - (0 + -1)). What is the highest common factor of d and 32?
16
Suppose 0 = -17*m + 16*m + 18. Let g be (-3000)/45*m/(-4). Calculate the greatest common factor of 24 and g.
12
Suppose -55*i - 4022 = -59*i + g, 3*g = -3*i + 3039. Calculate the highest common factor of 1219 and i.
53
Suppose h - 5*s = 46 + 13, -5*h - 3*s + 379 = 0. Let l = 231 - 46. What is the greatest common divisor of l and h?
37
Suppose 0 = 6*u - u - 330. Let l = -70 - -235. Suppose 0 = -r + l. What is the highest common divisor of r and u?
33
Let d be 8/3*1/8*606. Let r = -125 + d. Let l = r - 69. What is the greatest common divisor of l and 20?
4
Let z = -11045 - -12325. Calculate the highest common factor of z and 40.
40
Let m = 59 - 32. Let a(u) = -25*u + 91. Let p = -4 - 1. Let v be a(p). Calculate the highest common factor of v and m.
27
Let r(o) = -o**3 - 87*o**2 + 173*o + 3. Let x be r(-89). Calculate the highest common divisor of x and 2716.
28
Suppose -400 = -12*x + 17*x. Let z = x - -111. Suppose -y - z = -59. What is the greatest common factor of y and 4?
4
Let g = -202 - -196. Let k be ((-69)/g)/((-10)/(-240)). What is the highest common factor of 24 and k?
12
Let w = 4760 + -4605. Calculate the highest common factor of w and 45.
5
Suppose 28*t - 548 + 100 = 0. What is the greatest common divisor of 976 and t?
16
Let z(l) = 10*l - 70. Let g be z(8). Let p be (-2)/g - 1290/(-75). Calculate the greatest common factor of p and 136.
17
Let s = -187 + 98. Let w = s - -184. Calculate the greatest common divisor of w and 19.
19
Let v(w) = 94*w - 622. Let p be v(10). What is the highest common factor of p and 424?
106
Let m(y) = -27*y**2 + 6*y + 10. Let w be m(-4). Let g = w - -455. Let a = -1 - -10. What is the highest common divisor of g and a?
9
Let m = 20 - 14. Suppose p = 5*s + 85 + 43, 5*p - 2*s = 686. What is the greatest common factor of m and p?
6
Let h be (-26)/(-91) - 1741/(-7). What is the highest common factor of 8549 and h?
83
Let d(f) = -7*f + f**2 + 98 - 2*f**2 - 36*f + 2*f**2 + 4*f. Let g be d(43). Calculate the highest common factor of 30 and g.
30
Let u be (-6 + (7 - -3))/(1/8). Let y(z) = z - 36. Let w be y(14). Let t = -20 - w. What is the greatest common factor of t and u?
2
Suppose 5*k = -q + 4049, -2*q + 5400 = -3*k - 2711. Suppose -1212 = 29*a - q. What is the highest common divisor of 14 and a?
14
Let g(j) = 160*j - 3668. Let y be g(23). What is the highest common divisor of y and 8016?
12
Let i be 15*(-4)/24*16. Let j be (i/(-15) - 2)/((-1)/3). Let b be j/(-3)*(39 - 0). What is the greatest common factor of 130 and b?
26
Let s = 3352 - 2632. What is the greatest common divisor of 9 and s?
9
Let o be (-1 + (-12)/(-9))/(14/13398). Suppose 7*h - o = -4*h. Let r = -74 + 132. Calculate the highest common divisor of h and r.
29
Let r(p) = 5*p**3 - 59*p**2 + 708*p - 3. Let k be r(11). What i